4*j. Let n = h - -7. What are the prime factors of n?
2
Let k(p) = 4*p**3 - 3*p**2 + 2. Let h be k(3). Let a = -30 + h. Let s = a - 38. What are the prime factors of s?
3, 5
Let z(a) = a**2 - 8*a + 3. Let x be z(7). Let t(k) = -k**3 - 5*k**2 - 4*k + 4. Let g be t(x). Suppose -u + 50 = g*u. List the prime factors of u.
2, 5
Let m = 0 - -4. Suppose 0 = m*k - 3*k. Let g(w) = w + 2. What are the prime factors of g(k)?
2
Suppose -2*v + g = -496, -3*v + 2*g - 3*g = -739. What are the prime factors of v?
13, 19
Let f(v) = 5*v**2 - 2*v - 6. Let r(b) = 14*b**2 - 5*b - 18. Let j be 6/(3 + -1) + 1. Let z(p) = j*r(p) - 11*f(p). What are the prime factors of z(-6)?
2, 3
Let p(t) be the third derivative of t**5/5 - t**3/6 + 3*t**2. List the prime factors of p(-1).
11
Let o(s) be the third derivative of s**5/60 - s**4/24 + s**3/3 + 2*s**2. Let h be o(2). Suppose -h = n - 3*n. List the prime factors of n.
2
Let u(g) = -g**3 + 12*g**2 - 6*g - 13. What are the prime factors of u(9)?
2, 11
Suppose 3*b + 0*b + 4*r = 26, 4*r = 8. What are the prime factors of b?
2, 3
Suppose 2*g + 256 = 2*m - 0*m, 3*m - 5*g - 380 = 0. List the prime factors of m.
2, 5, 13
Let l(q) be the first derivative of 2*q**3/3 - 7*q**2 + 8*q - 7. What are the prime factors of l(9)?
2, 11
Let o(x) = -x**3 + 4*x**2 + 6*x - 7. Suppose 6*s - 3*s - 15 = 0. Let p be o(s). List the prime factors of 2 + p + 2 + 11.
13
Let c = 19 - 12. Let b(w) = 2*w - 8. List the prime factors of b(c).
2, 3
Let p(m) = -m**2 + 1. Let q(f) = -2*f**2 + f + 1. Let i(l) = -4*p(l) + q(l). What are the prime factors of i(-3)?
2, 3
Let p(h) = 12*h + 1. Let a = 17 + -15. List the prime factors of p(a).
5
Suppose -b + 2*b = -f + 17, -46 = -2*b + 2*f. List the prime factors of b.
2, 5
Suppose 21 - 1 = 4*q - 4*u, 2*q = -u + 4. Suppose -64 = -4*x - 4*v, 0 - 36 = -q*x + v. List the prime factors of x.
13
Suppose 11*t - 12*t + 1 = 0. List the prime factors of (-6 + t)*4/(-10).
2
Suppose -5*x = -3*r - 19, 3*r - 3*x - 25 = 4*r. Let o = r - -28. List the prime factors of o.
3, 5
Let j = 8 + -10. List the prime factors of ((-42)/(-7))/(j/(-4)).
2, 3
Let h(k) be the third derivative of k**5/60 + k**4/12 - k**2. What are the prime factors of h(-3)?
3
Suppose -2*g = 2*g - 88. Suppose -2*w + 2*m - 14 = -6*w, 5*w + 4*m - g = 0. Suppose -w*a + 14 = -4*y, -2*y + 13 = 3*a - 0*a. What are the prime factors of a?
5
Suppose 4*i = 11 + 109. Let a = i - 15. List the prime factors of a.
3, 5
Let n(g) = g**3 + 5*g**2 - 3*g + 1. Suppose 3*w = -m + 8, 5*w + 4 = -2*m + 16. List the prime factors of n(m).
29
Suppose z - 3*a - 15 = 0, 2*z + 5*a + 11 = -3. Let m = 0 + z. Suppose 0 = m*o - 5 - 25. List the prime factors of o.
2, 5
Let m(y) = -y**3 + 5*y**2 + 1. Let l be m(5). What are the prime factors of 4 - l*(-3)/3?
5
Let f = -9 - -4. Let z = f + 7. Suppose z*r = 16 + 2. What are the prime factors of r?
3
Let h(o) = o**3 - 6*o**2 + 6*o - 1. Let b be h(5). Let p = 7 + b. What are the prime factors of p?
11
Suppose -z - 4 + 0 = 0, -z - 4 = 5*q. Suppose 140 = 5*b - 110. Suppose -5*c + 5*x + b = -q*x, c - 3*x = 14. What are the prime factors of c?
2
Suppose -7*k = -3*k - 12. Suppose 0 = k*c - 28 - 14. List the prime factors of c.
2, 7
Suppose 0 = -2*f - 0*f. Suppose 3*m - 6*m + 6 = f. Suppose m*k - 5 = -1. What are the prime factors of k?
2
Let y = 286 + -106. List the prime factors of y.
2, 3, 5
Let r = -179 + 255. List the prime factors of r.
2, 19
Let v = -252 - -649. What are the prime factors of v?
397
Let o = -1 - -7. Let k(v) = v**3 - 6*v**2 + 3*v + 1. List the prime factors of k(o).
19
Suppose 2*d = 38 + 40. Suppose -3*p - 173 = -5*g, -5*p = -2*g + g + d. What are the prime factors of g?
2, 17
Let c be (-6)/21 + (-279)/(-21). Let y be (-12)/(-21)*(-21)/(-6). Suppose -y*v = -c - 9. What are the prime factors of v?
11
Suppose 38*i - 33*i = 140. List the prime factors of i.
2, 7
Suppose -4*c + 72 = -0*c. Suppose 0 = 2*t - 42 - c. What are the prime factors of (2/(-5))/((-2)/t)?
2, 3
Suppose 0 = -5*o - v - v + 10, 0 = 3*v. Let b be o/(-4)*-6*15. Suppose -4*y - y - 5*z = -b, -y + 34 = -4*z. List the prime factors of y.
2, 7
Suppose 0 = 3*d, 2*k + d = -3 + 7. Suppose 4*n + 22 = 5*n - g, 50 = k*n + g. List the prime factors of n.
2, 3
Let t(h) = h**3 - h**2 + h + 1. Let d(r) = -4*r**3 + 3*r**2 - 4*r - 4. Let m(a) = d(a) + 5*t(a). List the prime factors of m(3).
13
Let s(k) be the third derivative of -k**4/24 - 2*k**3/3 + 2*k**2. Let h be (-6)/(-1)*(-2)/2. What are the prime factors of s(h)?
2
Suppose -4*n - 4 = -2*n. List the prime factors of ((-16)/(-5))/(n/(-5)).
2
Suppose 19*u - 14*u - 1720 = 0. What are the prime factors of u?
2, 43
Suppose -2*z = 2*z - 148. Let u be -60*(-3 - 24/(-9)). Let q = z - u. What are the prime factors of q?
17
Suppose -2*d - 5*t = -1, -10 = -4*d - t - t. Let i = d + -7. List the prime factors of i*(-3)/(-6)*-1.
2
Let n(j) = -4*j + 47. What are the prime factors of n(0)?
47
Suppose -j + 4*j = 72. Suppose 0*l - 3*b = 2*l - 43, 0 = l + 2*b - j. What are the prime factors of l?
2, 7
Suppose 5*p = 6*p - 8. Suppose -5*c = g - 8 - p, 3*c = g - 32. List the prime factors of g.
2, 13
Suppose -3*u + 3*m = -78, -2*u - 17 = -3*u - 2*m. Let v = -1 + u. List the prime factors of v.
2, 11
Let t(g) = 11*g. Let y be t(1). Suppose -4*q - 12 = 0, 3*q - y = -k + 1. List the prime factors of k.
3, 7
Let t = 3 - -2. Let l(v) = -3*v**3 - 6*v**2 + 9*v - 1. Let j(c) = c**3 + 3*c**2 - 4*c + 1. Let d(q) = t*j(q) + 2*l(q). List the prime factors of d(2).
3
Suppose -4*i + 102 = 2*i. List the prime factors of i.
17
Suppose l + 8 = 2*l. Let z be (-1)/((-4)/(-2))*2. List the prime factors of l - -1 - (-1 + z).
11
Suppose 0 = -3*g + 2*g + 81. List the prime factors of g.
3
Suppose -2*y - 6 = -72. What are the prime factors of y?
3, 11
Let b be 15/2 - 15/10. Suppose -2*a + b*a - 28 = 0. List the prime factors of a.
7
Let d(k) = -k**3 - 6*k**2 + 5*k + 3. What are the prime factors of d(-7)?
17
Let c = -1 + 3. Suppose i - 30 = -c*i. What are the prime factors of i?
2, 5
What are the prime factors of ((-3)/6)/(279/282 + -1)?
47
Let r be (20/16)/(1/(-4)). Let k(y) = -4*y**2 + y + 0*y**3 - 7 - y**3 + 0*y**2. List the prime factors of k(r).
13
Let n = -12 + 151. Suppose 0 = -5*c - v - n, c - v + 0*v = -23. List the prime factors of (-114)/c - 2/9.
2
Let f(i) = -i + 4. Let p be f(-4). Suppose 4 + p = m. List the prime factors of m.
2, 3
Let m(i) = -i**2 + 4*i + 4. List the prime factors of m(4).
2
Suppose -2*x = -3*h + 175, 4*h + 0*h - 5*x = 224. List the prime factors of h.
61
Let n be 2 + -4 + 10 + -1. Suppose 0 = -a - n + 20. List the prime factors of a.
13
Suppose 3 = s - 2*f - 22, 3*f = -5*s + 151. Suppose 11 = 5*n - s. What are the prime factors of n?
2
Let s(h) be the second derivative of h**4/12 + 7*h**3/6 - 5*h**2 - 2*h. List the prime factors of s(-9).
2
Suppose -90 = -2*a + 5*w, 4*a + 2*w + 45 = 5*a. What are the prime factors of a?
3, 5
Let o = 79 - 14. What are the prime factors of o?
5, 13
Suppose j = 5*v + 6*j, 4*j = 3*v - 14. Let c(u) = -3 + 4*u - 2*u + 2*u. List the prime factors of c(v).
5
Let o(f) = f + 30. Let y be o(0). Suppose -2*d = -18 - y. Suppose 4*q = -0*q + d. List the prime factors of q.
2, 3
Suppose -3*n + 4 = -11. Let w be 2/n + 378/5. List the prime factors of (2 - 0)*w/8.
19
Let n(t) = -18*t**3 - 2*t**2 + t + 1. List the prime factors of n(-1).
2
Let g = -6 - -5. List the prime factors of (-10)/(-4)*(1 - g).
5
Let f = 45 - 21. List the prime factors of f.
2, 3
Let r = 41 + -2. Suppose 3*z - 7 = 5. Suppose z*b - 29 = r. What are the prime factors of b?
17
List the prime factors of (-539)/(-21) - 4/6.
5
Let l = -40 + 63. List the prime factors of l.
23
Suppose s = -0*s + 4. Suppose -10 = 5*r - 3*n - 59, -r = s*n + 4. List the prime factors of r.
2
Let l(v) = -v**3 + 2*v**2 + 3*v - 2. Let c be l(3). Let t = -11 - c. Let r = t - -15. What are the prime factors of r?
2, 3
Let z = -132 + 337. List the prime factors of z.
5, 41
Suppose 3*v - 33 = -2*j, 2*j - 30 = -0*j - 2*v. Let k = 1 - -3. Suppose 0 = -k*o - 3*z + 2*z + 33, j = 3*o + 5*z. List the prime factors of o.
3
Let j = -34 + 77. What are the prime factors of j?
43
Let d = -29 + -51. List the prime factors of 407/8 + (-10)/d.
3, 17
Let x(o) = -o**3 + 7*o**2 + 8*o + 6. What are 